is l(8)?
-5
Let r(c) = -c**3 - c**2 + c + 4. Let s(h) = h - 3. Let g(b) = 5*b**3. Let i be g(1). Suppose -2 = f - i. Let x be s(f). What is r(x)?
4
Suppose -8 = -0*u - 2*u. Let w(n) be the first derivative of -2 + 1/2*n**2 - 9*n. What is w(u)?
-5
Let r = 3 + -5. Let n(y) = -9*y**3 - 11*y**2 - 9*y + 3. Let m(q) = 5*q**3 + 6*q**2 + 5*q - 2. Let i(d) = 5*m(d) + 3*n(d). Calculate i(r).
7
Let u(k) be the first derivative of -3*k - 1 + 3*k**2 - 1/3*k**3. Calculate u(2).
5
Let q be (-1 - 0)/((-16)/(-48)). Let u(v) = v**2 + 2*v + 2. What is u(q)?
5
Let a(s) = s**2 + s + 2. Suppose 19 = -b + 17. Give a(b).
4
Let s(q) = q**2 + 4*q - 5. Suppose 4*d = -8*d - 48. What is s(d)?
-5
Let p(o) = 29*o**2 - 1. Suppose -6*j - 10 = 4*j. Give p(j).
28
Let b(n) be the first derivative of n**4/4 + n**3 + n**2/2 + 4*n + 1. Suppose -t = -0*t + 3. Give b(t).
1
Let i(o) = -2*o + 4. Let r be i(-3). Let t be 2/5 + 26/r. Let c(u) = 2 - u**2 + 3*u + 0*u**2 - u. What is c(t)?
-1
Let z(r) = r + 2. Let j be 20/2*(-52)/65. Calculate z(j).
-6
Let c(p) = -7*p**2 + 11. Let r(i) = -15*i**2 + i + 23. Let w(n) = 13*c(n) - 6*r(n). Calculate w(-6).
5
Suppose 2 + 1 = 3*q. Let g(p) = p**2 + 2*p - 1. Calculate g(q).
2
Let b(v) = -2*v + 4. Let r be b(4). Let q be (-7)/4 - (-1)/r. Let x(s) = -2*s + 2. Determine x(q).
6
Let d(n) be the third derivative of n**4/8 + n**3/3 + 18*n**2. Suppose 3*x = -5*q - 21, -3*x + 5*q = 2*q - 3. Determine d(x).
-4
Let o(c) be the third derivative of -c**5/60 + c**4/3 - c**3/2 + 18*c**2. What is o(5)?
12
Let c(k) = -k**3 - 2*k**2 + 4*k + 4. Let i(p) = p + 6. Let b be i(-6). Suppose 4*w + 4 + 8 = b. Calculate c(w).
1
Let i be (10/(-4))/(1/2). Let m = -10 - i. Let h(g) = -g**2 - 6*g + 1. Calculate h(m).
6
Let s(w) = 0 + w - 3 + 1. Let a(r) = -r**2 + 9*r - 1. Let h be a(5). Suppose 0 = f - 3*c - 0*c + 17, 0 = -2*f + 3*c - h. Calculate s(f).
-4
Let b be 0 + 15 + (-5 - -2). Let u be 32/6 + (-4)/b. Let h(l) = -4 + 4 - 4*l + u*l. Determine h(-4).
-4
Let z(i) = -2*i**3 + 5*i**2 - 10*i + 13. Let b(q) = q**3 - 3*q**2 + 5*q - 6. Let r(c) = -9*b(c) - 4*z(c). What is r(6)?
8
Let k(y) be the second derivative of -y**6/120 + y**5/15 - y**4/24 - y**2/2 - 5*y. Let x(w) be the first derivative of k(w). Calculate x(3).
6
Suppose 2*q - 5 = 1. Let i(r) = -r. Give i(q).
-3
Let z(d) = d**3 - 3*d**2 + 2*d. Let r = 1 + -1. Suppose r*v + 3*v = o, 0 = -2*o + v. Let y = o + 3. Calculate z(y).
6
Suppose -4*n - 1 + 9 = 0. Let x be 10/3 - 2/(-3). Let c(t) = x*t - 2 - 3*t + 0*t. Determine c(n).
0
Let p(d) be the first derivative of -d**4/4 + d**2/2 - d + 34. Give p(1).
-1
Let r(u) = -u**3. Let l(y) = y**2 + y - 1. Let o(t) = -l(t) - 2*r(t). What is o(1)?
1
Let h(a) = -a**3 - 3*a**2 + 2*a + 2. Let o(c) = -13*c + 4*c**2 + c**3 - c + 13 + 3*c**2 + 7*c**2. Let n be o(-15). Give h(n).
-6
Let z = 21 + -28. Let y(n) = -n**3 - 7*n**2 + 5. Let v be y(z). Let w(i) = -3*i + 7. What is w(v)?
-8
Suppose 0 = 2*i - 5*i - 30. Let l be (6/i)/(2/(-10)). Let n(f) = 4 + 2*f**3 - f**3 + 11*f**2 - 15*f**2. Give n(l).
-5
Let y(b) = 1549*b**2 - 770*b**2 - 778*b**2 - 7*b - 1. Determine y(8).
7
Let d be 3/12 + 1/(-4). Let j(g) = -g + 5. Determine j(d).
5
Let y = 13 - 8. Let b(l) = l**2 - 6*l + 6. Calculate b(y).
1
Let x(g) be the first derivative of g**2/2 - 2*g + 11. Give x(6).
4
Let f = 8 - 7. Let r(w) = -7*w**3 - w**2. Determine r(f).
-8
Let p(o) = -o + 5. Let f be p(4). Let h(c) = -f + 5 - c + 0*c. Suppose 0 = -35*a + 65*a - 120. Determine h(a).
0
Let j(k) be the third derivative of k**4/8 - k**3/6 - 9*k**2. Let z be 10/(-4) - (-2)/4. What is j(z)?
-7
Suppose 0*a + 2*a + 8 = 0. Let d(y) = y**2 + 5*y + 3. Let c be d(a). Let x(i) = 4*i**2 - 2*i - 1. Give x(c).
5
Suppose 4*y - 17 = 2*n - 9, -5*y + 11 = -2*n. Let a(f) = -f**3 + 3*f**2 + 2*f. Calculate a(y).
6
Let l(a) be the third derivative of a**6/120 + a**5/10 - 7*a**4/24 + 2*a**2. Give l(-7).
0
Let y(g) = -g**3 + 1. Let q(s) = 8*s**3 - 2*s - 5. Let a be 6/(-3) + -3 - 1. Let n(z) = a*y(z) - q(z). Calculate n(-2).
11
Let j(g) = -3*g**3 + 8*g**2 + 12*g + 1. Let q(o) = 2*o**3 - 8*o**2 - 11*o - 2. Let l(v) = 3*j(v) + 4*q(v). Give l(-7).
2
Let w(i) = -3*i - 3. Let r(d) = 2*d**3 + 9*d**2 - 6*d - 8. Let k be r(-5). What is w(k)?
6
Let x(u) = -296*u**2 - 19 + 6 + 297*u**2 - 8*u. Determine x(9).
-4
Let p = -116 - -111. Let l(g) = -2*g - 5. Calculate l(p).
5
Let q(i) = -i**2 + i + 1. Suppose 2*m - 41 = -5*n, m + 3*n = -m + 31. Suppose 2*y + m = 10. Suppose -4 = u - y. Give q(u).
-11
Let u(i) = -i - 1. Let x(p) = p**3 + 3*p**2 - 4. Let g(n) = 2*u(n) - x(n). Let j = -54 - -52. What is g(j)?
2
Let z(y) be the first derivative of y**4/4 - 4*y**3/3 + 2*y**2 + y + 5. Let q be (-1 - 2)*(-1)/1. What is z(q)?
4
Suppose 5*c - 5 = -0. Let h = 2 + c. Let x(v) be the second derivative of v**5/20 - v**4/4 + v**3/2 - 3*v**2/2 + 9*v. Calculate x(h).
6
Let y be 2/9 - (-33)/(-27). Let z(w) = 4*w + 4 + 1 - 4. Calculate z(y).
-3
Let o = -80 - -79. Let i(x) = 9*x**3 + x**2. Give i(o).
-8
Let w(b) be the third derivative of 1/4*b**4 + 1/6*b**3 + 1/60*b**5 + 0*b + b**2 + 0. Calculate w(-5).
-4
Suppose x + 2*x = 2*l - 23, 0 = x + 4*l + 3. Let r(o) be the second derivative of -o**4/12 - o**3 + 2*o**2 + o. Calculate r(x).
-3
Let f(n) = -6*n**3 - 3*n - 1. Let k(r) = -5*r**3 - 2*r - 1. Let u(d) = 4*f(d) - 5*k(d). Let p(s) = s**3 + 4*s**2 + 2*s - 1. Let y be p(-3). Determine u(y).
5
Let d be ((-6)/(-5))/(16/40). Let t(h) be the first derivative of -h**4/4 + 2*h**3/3 + h**2/2 - 3*h + 2. Calculate t(d).
-9
Let p(z) = -z**2 - 14*z - 11. Let t be p(-13). Let v(d) be the first derivative of -d + 3/2*d**t - 1. What is v(1)?
2
Let q(k) = -k**2 - 8*k - 5. Let t = 20 - 38. Let m be 24/t*(-9)/(-2). What is q(m)?
7
Let u(p) be the second derivative of 1/3*p**3 - 2*p + 0 - 5/2*p**2 - 1/20*p**5 + 5/12*p**4. Give u(5).
5
Let f(j) = -6*j**2 - 2*j + 1. Let m(x) = -5*x**2 - x. Let k(h) = 4*f(h) - 5*m(h). Calculate k(4).
8
Suppose 2*a = 1 + 7, -2*a = 4*f - 8. Let w(z) = -2*z - 5 + f - 2. Give w(-5).
3
Let v be 29/9 - (-8)/(-36). Suppose v = 4*p + 7. Let c(h) = 11*h. Give c(p).
-11
Let w = 3 - -7. Suppose f + 0*f - 2 = -5*y, -5*f + y + w = 0. Suppose -5*z = 3*k, -z = -f*k + 2*z - 19. Let h(j) = -j - 7. What is h(k)?
-2
Let a be 80/(-36) - (-1)/9*2. Let g(z) = 5*z**2 + 2*z - 1. Give g(a).
15
Let g be 80/(-36) + (-6)/(-27). Let z(a) = a**2 + 3*a + 3. Let d be z(g). Let m(s) = -1 + s**2 - 9*s**2 - 2*s**2. Calculate m(d).
-11
Suppose -a - 2 = -2*a. Let g(w) = 3 - 2*w + w**a + 4 - 4. Determine g(2).
3
Let n(s) = -s**2 + 2*s + 3. Let h(y) = y + 7. Let o be h(-7). Let r = 3 - o. Determine n(r).
0
Let p(f) = -3 - 6*f**2 - f**3 - 4 + 6*f + 3. Give p(-7).
3
Let s be 3/(-12) - (-7)/(-4). Let z(i) be the third derivative of i**5/60 + i**4/24 + i**3/6 - 2*i**2. Determine z(s).
3
Let o be (((-10)/6)/(3/(-9)))/1. Let z(q) = -2*q**2 + q**2 + 4*q + 0*q**2 + 2. Determine z(o).
-3
Let q be (-1 - (-1)/3)/((-3)/18). Let n(k) = -k**3 + 4*k**2 - k + 3. What is n(q)?
-1
Suppose p + 0*p = 1. Suppose 2*h = -2*h + 8. Let q(z) = 3*z**3 - 2*z**2 - z. Let r(j) = 4*j**3 - 2*j**2 - 2*j. Let v(w) = h*r(w) - 3*q(w). What is v(p)?
0
Let o(g) = g - 3. Let x be o(5). Suppose 4*a = 3*a + 5*q, 0 = -x*q - 2. Let m(j) be the second derivative of -j**3/6 - 5*j**2/2 + j. Determine m(a).
0
Suppose -15 = -5*b + 2*d, 0 = 7*b - 3*b - 2*d - 14. Let t(k) = 7*k + 6. Let r(o) = -13*o - 11. Let w(l) = -6*r(l) - 11*t(l). Give w(b).
1
Let s(b) = b**3 + 2*b**2 - 1. Suppose 5*y + 16 = -9. Let w be (-2)/(2 + y + 1). Let v = -2 + w. Calculate s(v).
0
Let n(o) = -o**3 - o**2 - o. Let v(h) be the third derivative of -h**6/30 - 7*h**5/60 - h**4/6 - 4*h**2. Let r(a) = 5*n(a) - v(a). Determine r(2).
-2
Let h(k) = k**2 - k - 1. Let l(j) = j**3 - j**2 - 9*j - 7. Let x(c) = 3*h(c) - l(c). Suppose 31*i - 33*i = -10. Calculate x(i).
9
Suppose -5*t + 3*t - 18 = 0. Let m(q) = q + 18. What is m(t)?
9
Let i(y) = -y**3 - y**2 + 1. Let p = 84 - 84. What is i(p)?
1
Suppose f - 6*f + 10 = 0. Let c(w) = -w**2 + 2. Determine c(f).
-2
Let f be (-2)/4 + (-3)/(-6). Let x(k) = 3*k**3 + 5*k**2 - 3*k + 7*k - 2*k**3 + f*k**3 - 3. Give x(-4).
-3
Let m(s) be the first derivative of s**2/2 + 16. Calculate m(0).
0
Let d = -8 - -1. Let k = -4 - d. Let l(c) = 1 - 3 - k + 2*c. Give l(4).
3
Let u(s) = -3*s**3